 m be 2*-2*(1 - (-2)/(-1)). Suppose 0 = -w + 1 + 7. Calculate the highest common factor of w and m.
4
Suppose 3*t - 2*t = -5*o - 25, 0 = 5*t. Let u = o + 13. Suppose u*j = 3*j + 75. What is the greatest common divisor of j and 90?
15
Let i(t) = t**2 - 15*t. Let l be i(16). Calculate the greatest common divisor of 64 and l.
16
Let a be (-1)/2*2 - -4. Let v(x) = 2*x**2 - 3*x + 3. Let o be v(a). Calculate the greatest common divisor of 8 and o.
4
Let b be (-4 + 0)/((-8)/12). Let c be 506/4 - (-1)/(-2). Suppose 0 = 7*s - 2*s + 5*z - 210, z = -3*s + c. What is the highest common divisor of b and s?
6
Suppose r = -5*l + 9 + 1, -3*r - 21 = -2*l. Suppose -l*o = 2*o + 180. Let a be 8/o + 110/9. Calculate the highest common divisor of 132 and a.
12
Suppose 4*p + 5*k - 20 = 19, 2*p - 4*k = 0. What is the greatest common divisor of 15 and p?
3
Let j be (94 - -2)*(-2)/(-3) + 1. Suppose 3*f - 98 = -4*b, 0 = -f + 3*b + b + 6. Calculate the highest common factor of j and f.
13
Suppose 0 = 3*k - 3*y - 1 - 11, -3*y = -2*k + 12. Suppose 255 = 3*h - k*h. Suppose 3*l = h - 13. Calculate the greatest common divisor of 12 and l.
12
Suppose -3*h + 32 = 5. Calculate the highest common divisor of h and 18.
9
Let l be 261/4 - (-2)/(-8). Suppose j - 68 = -5*q - 0, -j - 10 = -q. Calculate the greatest common factor of l and q.
13
Let p(t) = -11*t**2 + 3*t**3 + 3 + 9*t**2 - 1 + 2*t. Let k be p(2). Calculate the highest common factor of k and 11.
11
Let q = -187 + 719. What is the highest common factor of q and 14?
14
Let n(p) = p**2 - 4*p - 9. Let l be n(-5). Calculate the greatest common divisor of 36 and l.
36
Suppose -3*c - 12 = 0, 0*c - 18 = -r - c. What is the greatest common factor of 44 and r?
22
Let o = 136 - 18. Let d(m) = -272*m. Let j be d(-1). Let t = j - o. What is the highest common factor of t and 14?
14
Suppose 0 = -3*t + 5*t - 60. Calculate the highest common divisor of 60 and t.
30
Suppose 0 = -3*x + 34 + 38. Suppose -4*m = -m + 2*w + 29, -5*m - 43 = -2*w. Let a = m + 45. What is the highest common divisor of x and a?
12
Suppose 4*r - 472 = 80. Let b = 218 - r. What is the highest common divisor of b and 8?
8
Let f(p) = -69*p - 6*p**3 - 4*p**3 - p**2 + 69*p. Let b be f(-1). What is the highest common factor of b and 6?
3
Let a(k) = -2*k**2 - 6 - k**2 - 7*k + k**2 + k**2. Let f be a(-5). Suppose q + q = 2. Calculate the greatest common factor of q and f.
1
Let v = 634 - 425. What is the greatest common factor of 19 and v?
19
Let u = 6 + -16. Let l = u - -22. What is the greatest common divisor of l and 30?
6
Let x(q) = 6*q - q - 5 + 0*q**2 - 7*q**2 + 9*q**2. Let t = 9 + -14. Let c be x(t). What is the greatest common factor of c and 30?
10
Let g be (-28)/(-3) - 1/3. Let y be (6/(-9))/((-2)/g). Let b = y - -1. Calculate the greatest common factor of b and 28.
4
Suppose -3*g = -3, -3 = 5*h + 3*g - 16. Let z be (1/1)/(h/10). Let q be (-3)/(-2)*(z - -1). Calculate the greatest common divisor of 63 and q.
9
Let q(w) = 3*w - 36. Let g be q(19). Calculate the greatest common divisor of g and 3.
3
Let r = -87 + 126. Calculate the highest common divisor of r and 39.
39
Let i(y) = -2*y + 9. Let z be i(0). Let c(r) = -1 + 3 + 13*r - 1. Let a be c(2). Calculate the greatest common divisor of z and a.
9
Let q be (-6)/((-6)/3)*1. Suppose q*u + 2 = -4. Let l be (39 + 3)*u/(-3). What is the greatest common divisor of l and 7?
7
Suppose -13 = -3*r + 2, 4*z - 54 = -2*r. Calculate the greatest common divisor of 55 and z.
11
Let s(h) = 2*h**2 - h. Let r be s(-1). What is the greatest common factor of 3 and r?
3
Let g be 10 + -1 - (-4)/2. What is the highest common divisor of g and 55?
11
Let g(h) = -h**2 + 6*h - 5. Let b be g(4). Let r be (-20)/(b + 39/(-12)). Calculate the greatest common divisor of r and 10.
10
Suppose 46 = 2*c - 62. Calculate the greatest common factor of c and 135.
27
Suppose -4*r + 4*s = -s + 2, -2*r + 2*s = 0. Let h be (-5)/20 + 5/4. Suppose r*l - 9 = -h. Calculate the highest common factor of 20 and l.
4
Let b be ((-16)/(-32))/(1/(-106)). Let h = b - -103. Calculate the greatest common divisor of h and 5.
5
Let s be 4/(-18) - (-282)/54. Let z be 1/1 - -4 - 1. Let c be z - (1 + 1/1). Calculate the highest common divisor of c and s.
1
Let i be 114/27 - (-4)/(-18). Suppose -3*g = 2*u + 1 - i, -4*u = g - 21. Let q be (2/(-5))/((-1)/135). Calculate the highest common divisor of u and q.
6
Let t(n) = n**3 + 5*n**2 + 3*n + 3. Let h be t(-3). Calculate the highest common divisor of 12 and h.
12
Let q(n) = 2*n**3 + 24*n**2 + 18. Let d be q(-12). Calculate the highest common factor of 18 and d.
18
Suppose 3*i - 121 = 29. Calculate the highest common divisor of 5 and i.
5
Let y = 10 + -8. Let s be y*(-3)/18*-42. What is the greatest common factor of 154 and s?
14
Suppose -u - 3*u - 348 = 0. Let s = 162 + u. Suppose 2*b = 5*b - s. What is the greatest common divisor of b and 5?
5
Let c(f) be the first derivative of -5*f**2/2 - 6*f - 1. Let d be c(-8). Let p = d + -9. Calculate the highest common divisor of 5 and p.
5
Suppose 0 = 98*z - 93*z - 70. Calculate the greatest common divisor of 2 and z.
2
Let s = 22 - 15. What is the highest common factor of 21 and s?
7
Let v(u) = u**3 + 13*u**2 + 10*u - 1. Let o be v(-12). Let l = -10 + o. What is the greatest common divisor of 26 and l?
13
Suppose 0*g = 2*g + 3*m - 12, -g + 3*m = -15. Calculate the greatest common divisor of g and 72.
9
Suppose -6*f = -9 - 27. Calculate the highest common factor of 54 and f.
6
Let o(q) = 11*q - 2. Let v be o(6). Suppose -p + v = -3*t, 2*t + 22 = 2*p - 90. Calculate the greatest common factor of p and 13.
13
Let r(j) = j**3 - 5*j**2 - 5*j - 3. Let p be r(6). Suppose -3*o + 1 = z + p, 0 = -3*z + 5*o + 22. Calculate the greatest common factor of 6 and z.
2
Suppose 235 = 13*n - 441. What is the highest common factor of n and 39?
13
Let o = 46 - 37. What is the highest common factor of o and 72?
9
Suppose 3*n - 195 = -2*q, -q + n + 191 = q. Suppose 0 = -2*j + 6*j - q. Calculate the highest common factor of 6 and j.
6
Let r be 749/28 + 2/8. Let i = -3 + r. Calculate the greatest common factor of i and 60.
12
Let s(m) = 3*m - 2. Let v be s(2). Suppose 4 = 2*a - 2*b + 2, a = 4*b - 8. Calculate the greatest common factor of v and a.
4
Let m = -7 - -6. Let p be (-1 - -15)/(m - 1). Let h = p - -13. What is the greatest common divisor of h and 15?
3
Let b(w) = 3*w**2 + 12*w - 32. Let n be b(-8). What is the greatest common divisor of n and 96?
32
Let f be ((-4)/(-4) + (-10)/1)*-11. Calculate the highest common divisor of 11 and f.
11
Let i be (-12)/(-1*(-12)/(-104)). Let o = 29 - 16. What is the greatest common factor of i and o?
13
Let c = 34 - -125. Suppose -n = -4*r - 36, 10*n - 5*n - c = -r. Let v be (2 - (-2 + 0))*2. Calculate the highest common factor of n and v.
8
Let j = -11 + -8. Suppose -4*a - 4*q = -5*q + 195, 3*a + 2*q + 149 = 0. Let d = j - a. Calculate the highest common divisor of d and 12.
6
Suppose -2*n + i = -4*n + 23, -3*n = -i - 37. Suppose 1 + 2 = 3*v, 2*t - 4*v = n. Calculate the highest common divisor of t and 4.
4
Suppose -93 = -p - 9. Let z = p - 20. Suppose 2*k - 50 = -5*h, 5*k + 4 = 3*h + k. Calculate the highest common factor of h and z.
8
Let r = 53 + -45. Calculate the highest common divisor of r and 48.
8
Suppose 24 = 5*t - 4*k + 5, -t - 3*k = 0. Suppose t*u + 2*u - 540 = 0. Calculate the highest common divisor of u and 12.
12
Let b = 43 - 17. Calculate the greatest common factor of b and 39.
13
Let g(h) = -h**3 - 5*h**2 - 5*h - 3. Let d be g(-4). Calculate the greatest common divisor of d and 2.
1
Let o be (2 + 7)/(3/(-3)). Let k = -9 - o. Let w be (-1 - 11)*(k + -1). Calculate the highest common divisor of w and 30.
6
Suppose 0 = 5*o - 5*b - 485, b + b = -3*o + 296. What is the highest common divisor of 14 and o?
14
Suppose 5*x - h = 13, -2*h + 15 = 3*x + h. Calculate the highest common divisor of 15 and x.
3
Suppose -2*w = -2*y + 12, 5*w - 4*y = -2*y - 21. Suppose -4*g = -2*v - 38, 4 = -v - 4*g - 3. Let t = w - v. Calculate the highest common factor of t and 84.
12
Let x be 153/12 + 1/4. Let g be (5 - 8)*130/(-6). What is the highest common divisor of g and x?
13
Suppose -5*m = m - 108. Calculate the highest common divisor of 162 and m.
18
Let v be (-2)/5 - 93